{"id":8072,"date":"2024-05-22T08:35:19","date_gmt":"2024-05-22T08:35:19","guid":{"rendered":"https:\/\/marinekork.de\/?page_id=8072"},"modified":"2024-05-22T15:15:11","modified_gmt":"2024-05-22T15:15:11","slug":"kork-mediathek-anleitung-schablone-erstellen","status":"publish","type":"page","link":"https:\/\/marinekork.de\/?page_id=8072","title":{"rendered":"Kork-Mediathek &#8211; Anleitung: Schablone erstellen"},"content":{"rendered":"\t\t<div data-elementor-type=\"wp-page\" data-elementor-id=\"8072\" class=\"elementor elementor-8072\" data-elementor-post-type=\"page\">\n\t\t\t\t<div class=\"elementor-element elementor-element-7af31022 e-flex e-con-boxed e-con e-parent\" data-id=\"7af31022\" data-element_type=\"container\" data-e-type=\"container\">\n\t\t\t\t\t<div class=\"e-con-inner\">\n\t\t\t\t<div class=\"elementor-element elementor-element-7492765 elementor-widget elementor-widget-theme-post-title elementor-page-title elementor-widget-heading\" data-id=\"7492765\" data-element_type=\"widget\" data-e-type=\"widget\" data-widget_type=\"theme-post-title.default\">\n\t\t\t\t<div class=\"elementor-widget-container\">\n\t\t\t\t\t<h1 class=\"elementor-heading-title elementor-size-default\">Kork-Mediathek &#8211; Anleitung: Schablone erstellen<\/h1>\t\t\t\t<\/div>\n\t\t\t\t<\/div>\n\t\t\t\t\t<\/div>\n\t\t\t\t<\/div>\n\t\t<div class=\"elementor-element elementor-element-4acbd0b5 e-flex e-con-boxed e-con e-parent\" data-id=\"4acbd0b5\" data-element_type=\"container\" data-e-type=\"container\">\n\t\t\t\t\t<div class=\"e-con-inner\">\n\t\t\t\t<div class=\"elementor-element elementor-element-48949663 elementor-widget elementor-widget-text-editor\" data-id=\"48949663\" data-element_type=\"widget\" data-e-type=\"widget\" data-widget_type=\"text-editor.default\">\n\t\t\t\t<div class=\"elementor-widget-container\">\n\t\t\t\t\t\t\t\t\t<p>In dieser leicht verst\u00e4ndlichen Anleitung erfahren Sie, wie Sie mit wenigen Schritten selbst eine Schablone erstellen k\u00f6nnen.<br \/>Anhand Ihrer Schablone k\u00f6nnen wir Ihre individuellen Wunschteile herstellen.<\/p><p>Das Material daf\u00fcr finden sie im Shop in der <a href=\"https:\/\/marinekork.de\/shop\/zubehoer\/schablonen-erstellen\/\">Kategorie Zubeh\u00f6r <span class=\"breadcrumbSeparator\">\u00bb<\/span> Schablonen erstellen<\/a>.<\/p>\t\t\t\t\t\t\t\t<\/div>\n\t\t\t\t<\/div>\n\t\t\t\t\t<\/div>\n\t\t\t\t<\/div>\n\t\t<div class=\"elementor-element elementor-element-7ba85ffd e-flex e-con-boxed e-con e-parent\" data-id=\"7ba85ffd\" data-element_type=\"container\" data-e-type=\"container\">\n\t\t\t\t\t<div class=\"e-con-inner\">\n\t\t\t\t<div class=\"elementor-element elementor-element-6b466652 elementor-widget elementor-widget-video\" data-id=\"6b466652\" data-element_type=\"widget\" data-e-type=\"widget\" data-settings=\"{&quot;video_type&quot;:&quot;hosted&quot;,&quot;controls&quot;:&quot;yes&quot;}\" data-widget_type=\"video.default\">\n\t\t\t\t<div class=\"elementor-widget-container\">\n\t\t\t\t\t\t\t<div class=\"e-hosted-video elementor-wrapper elementor-open-inline\">\n\t\t\t\t\t<video class=\"elementor-video\" src=\"\/vid\/Marinekork%C2%AE%20Videoanleitung%20-%20Schablone%20erstellen%20v2.mp4\" controls=\"\" preload=\"auto\" controlsList=\"nodownload\"><\/video>\n\t\t\t\t<\/div>\n\t\t\t\t\t\t<\/div>\n\t\t\t\t<\/div>\n\t\t\t\t\t<\/div>\n\t\t\t\t<\/div>\n\t\t\t\t<\/div>\n\t\t","protected":false},"excerpt":{"rendered":"<p>In dieser leicht verst\u00e4ndlichen Anleitung erfahren Sie, wie Sie mit wenigen Schritten selbst eine Schablone erstellen k\u00f6nnen.Anhand Ihrer Schablone k\u00f6nnen wir Ihre individuellen Wunschteile herstellen. Das Material daf\u00fcr finden sie im Shop in der Kategorie Zubeh\u00f6r \u00bb Schablonen erstellen. \/vid\/Marinekork%C2%AE%20Videoanleitung%20-%20Schablone%20erstellen%20v2.mp4<\/p>\n","protected":false},"author":3,"featured_media":0,"parent":8061,"menu_order":0,"comment_status":"closed","ping_status":"closed","template":"","meta":{"site-sidebar-layout":"no-sidebar","site-content-layout":"page-builder","ast-site-content-layout":"full-width-container","site-content-style":"default","site-sidebar-style":"default","ast-global-header-display":"","ast-banner-title-visibility":"","ast-main-header-display":"","ast-hfb-above-header-display":"","ast-hfb-below-header-display":"","ast-hfb-mobile-header-display":"","site-post-title":"disabled","ast-breadcrumbs-content":"","ast-featured-img":"disabled","footer-sml-layout":"","ast-disable-related-posts":"","theme-transparent-header-meta":"","adv-header-id-meta":"","stick-header-meta":"","header-above-stick-meta":"","header-main-stick-meta":"","header-below-stick-meta":"","astra-migrate-meta-layouts":"set","ast-page-background-enabled":"default","ast-page-background-meta":{"desktop":{"background-color":"","background-image":"","background-repeat":"repeat","background-position":"center center","background-size":"auto","background-attachment":"scroll","background-type":"","background-media":"","overlay-type":"","overlay-color":"","overlay-opacity":"","overlay-gradient":""},"tablet":{"background-color":"","background-image":"","background-repeat":"repeat","background-position":"center center","background-size":"auto","background-attachment":"scroll","background-type":"","background-media":"","overlay-type":"","overlay-color":"","overlay-opacity":"","overlay-gradient":""},"mobile":{"background-color":"","background-image":"","background-repeat":"repeat","background-position":"center center","background-size":"auto","background-attachment":"scroll","background-type":"","background-media":"","overlay-type":"","overlay-color":"","overlay-opacity":"","overlay-gradient":""}},"ast-content-background-meta":{"desktop":{"background-color":"var(--ast-global-color-5)","background-image":"","background-repeat":"repeat","background-position":"center center","background-size":"auto","background-attachment":"scroll","background-type":"","background-media":"","overlay-type":"","overlay-color":"","overlay-opacity":"","overlay-gradient":""},"tablet":{"background-color":"var(--ast-global-color-5)","background-image":"","background-repeat":"repeat","background-position":"center center","background-size":"auto","background-attachment":"scroll","background-type":"","background-media":"","overlay-type":"","overlay-color":"","overlay-opacity":"","overlay-gradient":""},"mobile":{"background-color":"var(--ast-global-color-5)","background-image":"","background-repeat":"repeat","background-position":"center center","background-size":"auto","background-attachment":"scroll","background-type":"","background-media":"","overlay-type":"","overlay-color":"","overlay-opacity":"","overlay-gradient":""}},"footnotes":""},"class_list":["post-8072","page","type-page","status-publish","hentry"],"_links":{"self":[{"href":"https:\/\/marinekork.de\/index.php?rest_route=\/wp\/v2\/pages\/8072","targetHints":{"allow":["GET"]}}],"collection":[{"href":"https:\/\/marinekork.de\/index.php?rest_route=\/wp\/v2\/pages"}],"about":[{"href":"https:\/\/marinekork.de\/index.php?rest_route=\/wp\/v2\/types\/page"}],"author":[{"embeddable":true,"href":"https:\/\/marinekork.de\/index.php?rest_route=\/wp\/v2\/users\/3"}],"replies":[{"embeddable":true,"href":"https:\/\/marinekork.de\/index.php?rest_route=%2Fwp%2Fv2%2Fcomments&post=8072"}],"version-history":[{"count":13,"href":"https:\/\/marinekork.de\/index.php?rest_route=\/wp\/v2\/pages\/8072\/revisions"}],"predecessor-version":[{"id":8194,"href":"https:\/\/marinekork.de\/index.php?rest_route=\/wp\/v2\/pages\/8072\/revisions\/8194"}],"up":[{"embeddable":true,"href":"https:\/\/marinekork.de\/index.php?rest_route=\/wp\/v2\/pages\/8061"}],"wp:attachment":[{"href":"https:\/\/marinekork.de\/index.php?rest_route=%2Fwp%2Fv2%2Fmedia&parent=8072"}],"curies":[{"name":"wp","href":"https:\/\/api.w.org\/{rel}","templated":true}]}}